{"id":1979,"date":"2026-05-08T05:45:53","date_gmt":"2026-05-08T05:45:53","guid":{"rendered":"http:\/\/34.87.169.130\/?page_id=1979"},"modified":"2026-05-15T01:14:23","modified_gmt":"2026-05-14T18:14:23","slug":"gioi-thieu","status":"publish","type":"page","link":"https:\/\/wptrasua.phh.info.vn\/?page_id=1979","title":{"rendered":"V\u1ec1 Ti\u1ec7m Tr\u00e0 S\u1eefa Foodtizi"},"content":{"rendered":"<div class=\"mt-about-story\">\n<div class=\"mt-about-story-text\">\n                    <span class=\"mt-subtitle\">C\u00c2U CHUY\u1ec6N C\u1ee6A CH\u00daNG T\u00d4I<\/span><\/p>\n<h2>H\u01b0\u01a1ng V\u1ecb Ng\u1ecdt Ng\u00e0o <br \/>T\u1eeb Nh\u1eefng L\u00e1 Tr\u00e0 T\u01b0\u01a1i<\/h2>\n<p>Kh\u1edfi ngu\u1ed3n t\u1eeb t\u00ecnh y\u00eau m\u00e3nh li\u1ec7t v\u1edbi v\u0103n h\u00f3a tr\u00e0 s\u1eefa, <strong>Foodtizi<\/strong> \u0111\u01b0\u1ee3c ra \u0111\u1eddi v\u1edbi s\u1ee9 m\u1ec7nh mang \u0111\u1ebfn m\u1ed9t kh\u00f4ng gian th\u01b0\u1edfng th\u1ee9c \u0111\u1ed3 u\u1ed1ng tr\u1ecdn v\u1eb9n. Ch\u00fang t\u00f4i kh\u00f4ng ng\u1eebng t\u00ecm t\u00f2i, th\u1eed nghi\u1ec7m \u0111\u1ec3 k\u1ebft tinh ra nh\u1eefng h\u01b0\u01a1ng v\u1ecb tr\u00e0 \u0111\u1eadm \u0111\u00e0 nh\u1ea5t, quy\u1ec7n c\u00f9ng d\u00f2ng s\u1eefa nguy\u00ean ch\u1ea5t m\u00e1t l\u00e0nh.<\/p>\n<p>M\u1ed7i ly \u0111\u1ed3 u\u1ed1ng t\u1ea1i Foodtizi \u0111\u1ec1u \u0111\u01b0\u1ee3c ch\u0103m ch\u00fat t\u1ec9 m\u1ec9 t\u1eeb kh\u00e2u ch\u1ecdn l\u1ecdc nguy\u00ean li\u1ec7u \u0111\u1ebfn k\u1ef9 thu\u1eadt pha ch\u1ebf, nh\u1eb1m trao g\u1eedi tr\u1ecdn v\u1eb9n ni\u1ec1m vui v\u00e0 n\u0103ng l\u01b0\u1ee3ng t\u00edch c\u1ef1c \u0111\u1ebfn b\u1ea1n m\u1ed7i ng\u00e0y.<\/p>\n<\/p><\/div>\n<div class=\"mt-about-story-image\">\n                    <img decoding=\"async\" src=\"https:\/\/wptrasua.phh.info.vn\/wp-content\/uploads\/2026\/05\/tra-tac.png\" alt=\"Tr\u00e0 t\u1eafc th\u00e1i xanh Foodtizi\"><\/p>\n<div class=\"mt-image-backdrop\"><\/div>\n<\/p><\/div>\n<\/p><\/div>\n<div class=\"mt-about-values-section\">\n<div class=\"mt-section-header\" style=\"text-align: center;margin-bottom: 40px\">\n                    <span class=\"mt-subtitle\">GI\u00c1 TR\u1eca C\u1ed0T L\u00d5I<\/span><\/p>\n<h2>\u0110i\u1ec1u L\u00e0m N\u00ean S\u1ef1 Kh\u00e1c Bi\u1ec7t<\/h2>\n<\/p><\/div>\n<div class=\"mt-about-grid\">\n<div class=\"mt-about-card\">\n<div class=\"mt-card-icon\">\ud83c\udf43<\/div>\n<h3>Nguy\u00ean Li\u1ec7u Tuy\u1ec3n Ch\u1ecdn<\/h3>\n<p>100% l\u00e1 tr\u00e0 h\u1eefu c\u01a1 h\u00e1i t\u1eeb v\u00f9ng cao nguy\u00ean, k\u1ebft h\u1ee3p c\u00f9ng d\u00f2ng s\u1eefa t\u01b0\u01a1i thanh tr\u00f9ng chu\u1ea9n qu\u1ed1c t\u1ebf.<\/p>\n<\/p><\/div>\n<div class=\"mt-about-card\">\n<div class=\"mt-card-icon\">\u2728<\/div>\n<h3>C\u00f4ng Th\u1ee9c \u0110\u1ed9c Quy\u1ec1n<\/h3>\n<p>S\u1ef1 h\u00f2a quy\u1ec7n c\u00e2n b\u1eb1ng ho\u00e0n h\u1ea3o gi\u1eefa v\u1ecb ch\u00e1t d\u1ecbu c\u1ee7a tr\u00e0 v\u00e0 \u0111\u1ed9 b\u00e9o ng\u1eady ng\u1ecdt ng\u00e0o c\u1ee7a s\u1eefa.<\/p>\n<\/p><\/div>\n<div class=\"mt-about-card\">\n<div class=\"mt-card-icon\">\ud83d\udc96<\/div>\n<h3>Ph\u1ee5c V\u1ee5 T\u1eadn T\u00e2m<\/h3>\n<p>Kh\u00f4ng gian tr\u1ebb trung, tr\u00e2n tr\u1ecdng t\u1eebng tr\u1ea3i nghi\u1ec7m v\u00e0 ph\u1ea3n h\u1ed3i c\u1ee7a kh\u00e1ch h\u00e0ng \u0111\u1ec3 ho\u00e0n thi\u1ec7n h\u01a1n.<\/p>\n<\/p><\/div>\n<\/p><\/div>\n<\/p><\/div>\n<div class=\"mt-about-gallery\">\n<div class=\"mt-gallery-item\">\n                    <img decoding=\"async\" src=\"https:\/\/wptrasua.phh.info.vn\/wp-content\/uploads\/2026\/03\/chan-ga-sa-tac-1.png\" alt=\"M\u00f3n \u0103n nh\u1eb9 Foodtizi\">\n                <\/div>\n<div class=\"mt-gallery-text\">\n<h3>Kh\u00f4ng Ch\u1ec9 L\u00e0 Tr\u00e0 S\u1eefa<\/h3>\n<p>B\u00ean c\u1ea1nh nh\u1eefng ly tr\u00e0 s\u1eefa \u0111\u1eadm v\u1ecb, Foodtizi c\u00f2n t\u1ef1 h\u00e0o gi\u1edbi thi\u1ec7u th\u1ef1c \u0111\u01a1n \u0103n v\u1eb7t phong ph\u00fa c\u1ef1c cu\u1ed1n nh\u01b0 Ch\u00e2n G\u00e0 S\u1ea3 T\u1eafc gi\u00f2n s\u1ea7n s\u1eadt th\u1ea5m \u0111\u1eabm gia v\u1ecb, \u0111em l\u1ea1i nh\u1eefng bu\u1ed5i t\u1ee5 t\u1eadp b\u1ea1n b\u00e8 r\u00f4m r\u1ea3 tuy\u1ec7t v\u1eddi nh\u1ea5t.<\/p>\n<p>                    <a href=\"\/?post_type=product\" class=\"mt-btn mt-btn-primary\" style=\"margin-top: 20px\">Kh\u00e1m Ph\u00e1 Menu \u0110\u1eb7t M\u00f3n<\/a>\n                <\/div>\n<\/p><\/div>\n","protected":false},"excerpt":{"rendered":"<p>Kh\u00e1m ph\u00e1 c\u00e2u chuy\u1ec7n \u0111\u1eb1ng sau nh\u1eefng ly tr\u00e0 s\u1eefa th\u01a1m ngon t\u1ea1i Foodtizi.<\/p>\n","protected":false},"author":1,"featured_media":0,"parent":0,"menu_order":0,"comment_status":"closed","ping_status":"closed","template":"template-premium.php","meta":{"footnotes":""},"class_list":["post-1979","page","type-page","status-publish","hentry"],"_links":{"self":[{"href":"https:\/\/wptrasua.phh.info.vn\/index.php?rest_route=\/wp\/v2\/pages\/1979","targetHints":{"allow":["GET"]}}],"collection":[{"href":"https:\/\/wptrasua.phh.info.vn\/index.php?rest_route=\/wp\/v2\/pages"}],"about":[{"href":"https:\/\/wptrasua.phh.info.vn\/index.php?rest_route=\/wp\/v2\/types\/page"}],"author":[{"embeddable":true,"href":"https:\/\/wptrasua.phh.info.vn\/index.php?rest_route=\/wp\/v2\/users\/1"}],"replies":[{"embeddable":true,"href":"https:\/\/wptrasua.phh.info.vn\/index.php?rest_route=%2Fwp%2Fv2%2Fcomments&post=1979"}],"version-history":[{"count":4,"href":"https:\/\/wptrasua.phh.info.vn\/index.php?rest_route=\/wp\/v2\/pages\/1979\/revisions"}],"predecessor-version":[{"id":2058,"href":"https:\/\/wptrasua.phh.info.vn\/index.php?rest_route=\/wp\/v2\/pages\/1979\/revisions\/2058"}],"wp:attachment":[{"href":"https:\/\/wptrasua.phh.info.vn\/index.php?rest_route=%2Fwp%2Fv2%2Fmedia&parent=1979"}],"curies":[{"name":"wp","href":"https:\/\/api.w.org\/{rel}","templated":true}]}}